{"id":73,"date":"2019-07-08T23:33:36","date_gmt":"2019-07-08T21:33:36","guid":{"rendered":"http:\/\/bhwp.brucher-hof.com\/?page_id=73"},"modified":"2026-01-07T21:07:52","modified_gmt":"2026-01-07T19:07:52","slug":"willkommen-auf-dem-brucher-hof","status":"publish","type":"page","link":"https:\/\/brucher-hof.com\/","title":{"rendered":"Willkommen"},"content":{"rendered":"\n<p class=\"has-vivid-red-color has-white-background-color has-text-color has-background has-medium-font-size\">In allen NRW Ferienwochen 2026 sind noch Pl\u00e4tze frei!<\/p>\n\n\n\n<p><strong><em>Unser Ponyhof liegt direkt am Auberg in Selbeck. Unsere&nbsp; Ponies in allen Gr\u00f6\u00dfen und Farbe sind sehr ausgeglichen und verschmust. Der Reitunterricht findet bei schlechtem Wetter in der Reithalle statt und wenn es sch\u00f6n ist auf dem Reitplatz oder f\u00fcr fortgeschrittene Reiter im Gel\u00e4nde. Wir freuen uns auf ihren Besuch!<\/em><\/strong><\/p>\n\n\n\n<figure class=\"wp-block-image\"><img decoding=\"async\" loading=\"lazy\" width=\"768\" height=\"1024\" src=\"http:\/\/bhwp.brucher-hof.com\/wp-content\/uploads\/2019\/07\/IMG-20190530-WA0019-768x1024.jpg\" alt=\"\" class=\"wp-image-36\" srcset=\"https:\/\/brucher-hof.com\/wp-content\/uploads\/2019\/07\/IMG-20190530-WA0019-768x1024.jpg 768w, https:\/\/brucher-hof.com\/wp-content\/uploads\/2019\/07\/IMG-20190530-WA0019-225x300.jpg 225w, https:\/\/brucher-hof.com\/wp-content\/uploads\/2019\/07\/IMG-20190530-WA0019-900x1200.jpg 900w, https:\/\/brucher-hof.com\/wp-content\/uploads\/2019\/07\/IMG-20190530-WA0019.jpg 1200w\" sizes=\"(max-width: 768px) 100vw, 768px\" \/><\/figure>\n","protected":false},"excerpt":{"rendered":"<p>In allen NRW Ferienwochen 2026 sind noch Pl\u00e4tze frei! Unser Ponyhof liegt direkt am Auberg in Selbeck. Unsere&nbsp; Ponies in allen Gr\u00f6\u00dfen und Farbe sind sehr ausgeglichen und verschmust. Der Reitunterricht findet bei schlechtem Wetter in der Reithalle statt und wenn es sch\u00f6n ist auf dem Reitplatz oder f\u00fcr fortgeschrittene Reiter im Gel\u00e4nde. Wir freuen [&hellip;]<\/p>\n","protected":false},"author":1,"featured_media":0,"parent":0,"menu_order":0,"comment_status":"closed","ping_status":"closed","template":"","meta":[],"_links":{"self":[{"href":"https:\/\/brucher-hof.com\/index.php?rest_route=\/wp\/v2\/pages\/73"}],"collection":[{"href":"https:\/\/brucher-hof.com\/index.php?rest_route=\/wp\/v2\/pages"}],"about":[{"href":"https:\/\/brucher-hof.com\/index.php?rest_route=\/wp\/v2\/types\/page"}],"author":[{"embeddable":true,"href":"https:\/\/brucher-hof.com\/index.php?rest_route=\/wp\/v2\/users\/1"}],"replies":[{"embeddable":true,"href":"https:\/\/brucher-hof.com\/index.php?rest_route=%2Fwp%2Fv2%2Fcomments&post=73"}],"version-history":[{"count":27,"href":"https:\/\/brucher-hof.com\/index.php?rest_route=\/wp\/v2\/pages\/73\/revisions"}],"predecessor-version":[{"id":3735,"href":"https:\/\/brucher-hof.com\/index.php?rest_route=\/wp\/v2\/pages\/73\/revisions\/3735"}],"wp:attachment":[{"href":"https:\/\/brucher-hof.com\/index.php?rest_route=%2Fwp%2Fv2%2Fmedia&parent=73"}],"curies":[{"name":"wp","href":"https:\/\/api.w.org\/{rel}","templated":true}]}}